{"id":587,"date":"2015-04-08T12:08:45","date_gmt":"2015-04-08T12:08:45","guid":{"rendered":"http:\/\/adventista.hu\/jozsa\/?page_id=587"},"modified":"2015-11-11T16:27:13","modified_gmt":"2015-11-11T16:27:13","slug":"informaciok","status":"publish","type":"page","link":"https:\/\/jozsa.adventista.hu\/?page_id=587","title":{"rendered":"Inform\u00e1ci\u00f3k"},"content":{"rendered":"<p><span style=\"color: #000000;\">Szeretettel k\u00f6sz\u00f6nt\u00fcnk a Hetednapi Adventista Egyh\u00e1z<\/span><br \/>\n<span style=\"color: #000000;\"> debrecen-j\u00f3zsai gy\u00fclekezet\u00e9nek honlapj\u00e1n.<\/span><br \/>\n<span style=\"color: #000000;\"> Kellemes b\u00f6ng\u00e9sz\u00e9st k\u00edv\u00e1nunk!<\/span><\/p>\n<p class=\"style6\"><span style=\"color: #000000;\"><strong>Istentiszteleti alkalmaink:<\/strong><\/span><br \/>\n<span style=\"color: #000000;\"> P\u00e9ntek este: 19:00 besz\u00e9lget\u00e9s, ima\u00f3ra<\/span><\/p>\n<p class=\"style6\"><span style=\"color: #000000;\">Szombat 11:00 d\u00e9lel\u0151tti istentisztelet<\/span><br \/>\n<span style=\"color: #000000;\"> Szombat 15:00 d\u00e9lut\u00e1ni istentisztelet Ennek id\u0151pontja gyakran rugalmasan v\u00e1ltozik ami lehet 14:00\/15:00\/16:00 \u00f3rai kezd\u00e9s is.<\/span><\/p>\n<p class=\"style6\"><span style=\"color: #000000;\"><strong>Bibliatanulm\u00e1ny:<\/strong><\/span><br \/>\n<span style=\"color: #000000;\"> Szombat 9:30 Csoportos bibliatanulm\u00e1nyoz\u00e1s<\/span><\/p>\n<p class=\"style6\"><span style=\"color: #000000;\"><strong>K\u00f3ruspr\u00f3ba:<br \/>\n<\/strong>P\u00e9ntek este: 18:00<\/span><\/p>\n<p class=\"style6\"><span style=\"color: #000000;\">Tov\u00e1bbi programokr\u00f3l, id\u0151pontokr\u00f3l a kezd\u0151lapon tal\u00e1lhatsz inform\u00e1ci\u00f3kat!<\/span><\/p>\n<p><img loading=\"lazy\" decoding=\"async\" id=\"irc_mi\" class=\"alignleft\" src=\"http:\/\/hir.ma\/wp-content\/uploads\/2014\/01\/Adakoz%C3%A1s.jpg\" alt=\"\" width=\"180\" height=\"188\" \/><\/p>\n<hr \/>\n<p class=\"style6\">\u00d6nk\u00e9ntes adom\u00e1nyokat az al\u00e1bbi sz\u00e1mlasz\u00e1mon lehet befizetni:<\/p>\n<p class=\"style6\">K&amp;H Bank Zrt. 10400339-50495750-53561061\u00a0 Hetednapi Adventista Egyh\u00e1z J\u00f3zsai Gy\u00fclekezete<\/p>\n","protected":false},"excerpt":{"rendered":"<p>Szeretettel k\u00f6sz\u00f6nt\u00fcnk a Hetednapi Adventista Egyh\u00e1z debrecen-j\u00f3zsai gy\u00fclekezet\u00e9nek honlapj\u00e1n. Kellemes b\u00f6ng\u00e9sz\u00e9st k\u00edv\u00e1nunk! Istentiszteleti alkalmaink: P\u00e9ntek este: 19:00 besz\u00e9lget\u00e9s, ima\u00f3ra Szombat 11:00 d\u00e9lel\u0151tti istentisztelet Szombat 15:00 d\u00e9lut\u00e1ni istentisztelet Ennek id\u0151pontja gyakran rugalmasan v\u00e1ltozik ami lehet 14:00\/15:00\/16:00 \u00f3rai kezd\u00e9s is. Bibliatanulm\u00e1ny: Szombat 9:30 Csoportos bibliatanulm\u00e1nyoz\u00e1s K\u00f3ruspr\u00f3ba: P\u00e9ntek este: 18:00 Tov\u00e1bbi programokr\u00f3l, id\u0151pontokr\u00f3l a kezd\u0151lapon tal\u00e1lhatsz inform\u00e1ci\u00f3kat! \u00d6nk\u00e9ntes [&hellip;]<\/p>\n","protected":false},"author":1,"featured_media":0,"parent":0,"menu_order":0,"comment_status":"open","ping_status":"open","template":"","meta":{"footnotes":""},"class_list":["post-587","page","type-page","status-publish","hentry"],"_links":{"self":[{"href":"https:\/\/jozsa.adventista.hu\/index.php?rest_route=\/wp\/v2\/pages\/587","targetHints":{"allow":["GET"]}}],"collection":[{"href":"https:\/\/jozsa.adventista.hu\/index.php?rest_route=\/wp\/v2\/pages"}],"about":[{"href":"https:\/\/jozsa.adventista.hu\/index.php?rest_route=\/wp\/v2\/types\/page"}],"author":[{"embeddable":true,"href":"https:\/\/jozsa.adventista.hu\/index.php?rest_route=\/wp\/v2\/users\/1"}],"replies":[{"embeddable":true,"href":"https:\/\/jozsa.adventista.hu\/index.php?rest_route=%2Fwp%2Fv2%2Fcomments&post=587"}],"version-history":[{"count":4,"href":"https:\/\/jozsa.adventista.hu\/index.php?rest_route=\/wp\/v2\/pages\/587\/revisions"}],"predecessor-version":[{"id":636,"href":"https:\/\/jozsa.adventista.hu\/index.php?rest_route=\/wp\/v2\/pages\/587\/revisions\/636"}],"wp:attachment":[{"href":"https:\/\/jozsa.adventista.hu\/index.php?rest_route=%2Fwp%2Fv2%2Fmedia&parent=587"}],"curies":[{"name":"wp","href":"https:\/\/api.w.org\/{rel}","templated":true}]}}

Információk

<p><span style="color: #000000;">Szeretettel köszöntünk a Hetednapi Adventista Egyház</span><br />
<span style="color: #000000;"> debrecen-józsai gyülekezetének honlapján.</span><br />
<span style="color: #000000;"> Kellemes böngészést kívánunk!</span></p>
<p class="style6"><span style="color: #000000;"><strong>Istentiszteleti alkalmaink:</strong></span><br />
<span style="color: #000000;"> Péntek este: 19:00 beszélgetés, imaóra</span></p>
<p class="style6"><span style="color: #000000;">Szombat 11:00 délelőtti istentisztelet</span><br />
<span style="color: #000000;"> Szombat 15:00 délutáni istentisztelet Ennek időpontja gyakran rugalmasan változik ami lehet 14:00/15:00/16:00 órai kezdés is.</span></p>
<p class="style6"><span style="color: #000000;"><strong>Bibliatanulmány:</strong></span><br />
<span style="color: #000000;"> Szombat 9:30 Csoportos bibliatanulmányozás</span></p>
<p class="style6"><span style="color: #000000;"><strong>Kóruspróba:<br />
</strong>Péntek este: 18:00</span></p>
<p class="style6"><span style="color: #000000;">További programokról, időpontokról a kezdőlapon találhatsz információkat!</span></p>
<p><img loading="lazy" decoding="async" id="irc_mi" class="alignleft" src="http://hir.ma/wp-content/uploads/2014/01/Adakoz%C3%A1s.jpg" alt="" width="180" height="188" /></p>
<hr />
<p class="style6">Önkéntes adományokat az alábbi számlaszámon lehet befizetni:</p>
<p class="style6">K&amp;H Bank Zrt. 10400339-50495750-53561061  Hetednapi Adventista Egyház Józsai Gyülekezete</p>

<p>Szeretettel köszöntünk a Hetednapi Adventista Egyház debrecen-józsai gyülekezetének honlapján. Kellemes böngészést kívánunk! Istentiszteleti alkalmaink: Péntek este: 19:00 beszélgetés, imaóra Szombat 11:00 délelőtti istentisztelet Szombat 15:00 délutáni istentisztelet Ennek időpontja gyakran rugalmasan változik ami lehet 14:00/15:00/16:00 órai kezdés is. Bibliatanulmány: Szombat 9:30 Csoportos bibliatanulmányozás Kóruspróba: Péntek este: 18:00 További programokról, időpontokról a kezdőlapon találhatsz információkat! Önkéntes [&hellip;]</p>
